{"id":248,"date":"2023-05-10T14:30:28","date_gmt":"2023-05-10T14:30:28","guid":{"rendered":"https:\/\/ifscom.com\/?page_id=248"},"modified":"2024-05-18T20:41:39","modified_gmt":"2024-05-18T20:41:39","slug":"chair","status":"publish","type":"page","link":"https:\/\/ifscom.com\/?page_id=248","title":{"rendered":"CHAIR"},"content":{"rendered":"\n<p><strong>Hononary Chairman<\/strong><\/p>\n\n\n\n<p>Orhan AYDIN (Rector)<\/p>\n\n\n\n<p><strong>Chairman<\/strong><\/p>\n\n\n\n<p>G\u00f6khan \u00c7uvalc\u0131o\u011flu<\/p>\n","protected":false},"excerpt":{"rendered":"<p>Hononary Chairman Orhan AYDIN (Rector) Chairman G\u00f6khan \u00c7uvalc\u0131o\u011flu<\/p>\n","protected":false},"author":1,"featured_media":0,"parent":0,"menu_order":0,"comment_status":"closed","ping_status":"closed","template":"","meta":{"footnotes":""},"class_list":["post-248","page","type-page","status-publish","hentry"],"_links":{"self":[{"href":"https:\/\/ifscom.com\/index.php?rest_route=\/wp\/v2\/pages\/248","targetHints":{"allow":["GET"]}}],"collection":[{"href":"https:\/\/ifscom.com\/index.php?rest_route=\/wp\/v2\/pages"}],"about":[{"href":"https:\/\/ifscom.com\/index.php?rest_route=\/wp\/v2\/types\/page"}],"author":[{"embeddable":true,"href":"https:\/\/ifscom.com\/index.php?rest_route=\/wp\/v2\/users\/1"}],"replies":[{"embeddable":true,"href":"https:\/\/ifscom.com\/index.php?rest_route=%2Fwp%2Fv2%2Fcomments&post=248"}],"version-history":[{"count":2,"href":"https:\/\/ifscom.com\/index.php?rest_route=\/wp\/v2\/pages\/248\/revisions"}],"predecessor-version":[{"id":251,"href":"https:\/\/ifscom.com\/index.php?rest_route=\/wp\/v2\/pages\/248\/revisions\/251"}],"wp:attachment":[{"href":"https:\/\/ifscom.com\/index.php?rest_route=%2Fwp%2Fv2%2Fmedia&parent=248"}],"curies":[{"name":"wp","href":"https:\/\/api.w.org\/{rel}","templated":true}]}}